{"id":209,"date":"2023-07-05T15:38:12","date_gmt":"2023-07-05T18:38:12","guid":{"rendered":"https:\/\/srvwww3.copenor.com.br\/?page_id=209"},"modified":"2023-07-10T15:25:33","modified_gmt":"2023-07-10T18:25:33","slug":"metanol-informacoes-tecnicas","status":"publish","type":"page","link":"https:\/\/www3.copenor.com.br\/index.php\/metanol-informacoes-tecnicas\/","title":{"rendered":"Produtos &#8211; METANOL &#8211; Informa\u00e7\u00f5es T\u00e9cnicas"},"content":{"rendered":"\t\t<div data-elementor-type=\"wp-page\" data-elementor-id=\"209\" class=\"elementor elementor-209\">\n\t\t\t\t\t\t<section class=\"elementor-section elementor-top-section elementor-element elementor-element-ac57f39 elementor-section-boxed elementor-section-height-default elementor-section-height-default\" data-id=\"ac57f39\" data-element_type=\"section\" data-e-type=\"section\">\n\t\t\t\t\t\t<div class=\"elementor-container elementor-column-gap-default\">\n\t\t\t\t\t<div class=\"elementor-column elementor-col-100 elementor-top-column elementor-element elementor-element-29742a0\" data-id=\"29742a0\" data-element_type=\"column\" data-e-type=\"column\">\n\t\t\t<div class=\"elementor-widget-wrap elementor-element-populated\">\n\t\t\t\t\t\t<div class=\"elementor-element elementor-element-5cea56c elementor-widget elementor-widget-text-editor\" data-id=\"5cea56c\" data-element_type=\"widget\" data-e-type=\"widget\" data-widget_type=\"text-editor.default\">\n\t\t\t\t<div class=\"elementor-widget-container\">\n\t\t\t\t\t\t\t\t\t<p><span style=\"color: #000080;\"><strong>Apresenta\u00e7\u00e3o<\/strong><\/span><\/p><p><span style=\"color: #000000;\">O \u00c1lcool Met\u00edlico (Metanol) \u00e9 um l\u00edquido claro, incolor, vol\u00e1til, altamente polar com um odor caracter\u00edstico. \u00c9 misc\u00edvel em \u00e1gua, \u00e1lcool e \u00e9ter. \u00c9 uma das mat\u00e9rias-primas b\u00e1sicas na ind\u00fastria da qu\u00edmica org\u00e2nica.<\/span><\/p><p><span style=\"color: #000000;\">O Metanol apresenta rea\u00e7\u00f5es t\u00edpicas de \u00e1lcoois alif\u00e1ticos.<\/span><\/p><p><span style=\"color: #000000;\">Os maiores usos do Metanol s\u00e3o na produ\u00e7\u00e3o de formalde\u00eddo e biodiesel.<\/span><\/p><p><span style=\"color: #000000;\">O Metanol tamb\u00e9m \u00e9 bastante utilizado como mat\u00e9ria-prima para a produ\u00e7\u00e3o de Metilmetacrilato (MMA), Metilacrilato (MA) e Metilaminas.<\/span><\/p><p><span style=\"color: #000000;\">\u00c9 usado como solvente, em grande parte, devido a sua miscibilidade com a maioria dos solventes org\u00e2nicos. Solu\u00e7\u00f5es de l\u00e1tices e resinas em Metanol usualmente t\u00eam menor viscosidade do que seria poss\u00edvel com outros \u00e1lcoois.<\/span><\/p><p><span style=\"color: #000000;\">Este \u00e1lcool \u00e9 um excelente combust\u00edvel para motores alternativos de alta compress\u00e3o, bem como um dos combust\u00edveis usados em avi\u00f5es a jatos e foguetes.<\/span><\/p><p><span style=\"color: #000080;\"><strong>Especifica\u00e7\u00e3o<\/strong><\/span><\/p><p><span style=\"color: #000080;\"><strong>1 \u2013 Identifica\u00e7\u00e3o do produto<\/strong><\/span><\/p><table width=\"627\"><tbody><tr><td width=\"142\"><span style=\"color: #000000;\">Nome do Produto:<\/span><\/td><td width=\"\"><span style=\"color: #000000;\">Metanol<\/span><\/td><\/tr><tr><td width=\"\"><span style=\"color: #000000;\">F\u00f3rmula Qu\u00edmica:<\/span><\/td><td width=\"\"><span style=\"color: #000000;\">CH<sub>3<\/sub>OH<\/span><\/td><\/tr><tr><td width=\"\"><span style=\"color: #000000;\">Peso Molecular:<\/span><\/td><td width=\"\"><span style=\"color: #000000;\">32,04<\/span><\/td><\/tr><tr><td width=\"\"><span style=\"color: #000000;\">CAS N\u00ba.:<\/span><\/td><td width=\"\"><span style=\"color: #000000;\">67-56-1<\/span><\/td><\/tr><tr><td width=\"\"><span style=\"color: #000000;\">Merck Index:<\/span><\/td><td width=\"\"><span style=\"color: #000000;\">12, 5984<\/span><\/td><\/tr><tr><td width=\"\"><span style=\"color: #000000;\">ONU N\u00ba.:<\/span><\/td><td width=\"\"><span style=\"color: #000000;\">1230<\/span><\/td><\/tr><tr><td width=\"\"><span style=\"color: #000000;\">EINECS:<\/span><\/td><td width=\"\"><span style=\"color: #000000;\">200-659-6<\/span><\/td><\/tr><tr><td width=\"\"><span style=\"color: #000000;\">Sin\u00f4nimos Comuns:<\/span><\/td><td width=\"\"><span style=\"color: #000000;\">\u00c1lcool Met\u00edlico, \u00c1lcool de Madeira, Carbinol, Monohidroximetano.<\/span><\/td><\/tr><\/tbody><\/table><p><span style=\"color: #000080;\"><strong>2 \u2013 Propriedades qu\u00edmicas (valores de especifica\u00e7\u00e3o)<\/strong><\/span><\/p><table width=\"627\"><tbody><tr><td><span style=\"color: #000000;\"><strong>Item<\/strong><\/span><\/td><td width=\"6500\"><span style=\"color: #000000;\"><strong>Par\u00e2metro<\/strong><\/span><\/td><td width=\"20000\"><span style=\"color: #000000;\"><strong>Limites<\/strong><\/span><\/td><td width=\"139000\"><span style=\"color: #000000;\"><strong>M\u00e9todo Copenor<\/strong><\/span><\/td><\/tr><tr><td><span style=\"color: #000000;\">\u00a02.1<\/span><\/td><td width=\"247\"><span style=\"color: #000000;\">Teor de Metanol<\/span><\/td><td width=\"196\"><span style=\"color: #000000;\">99,85 % p\/p m\u00edn.<\/span><\/td><td width=\"139\"><span style=\"color: #000000;\">\u00a0MA-700<\/span><\/td><\/tr><tr><td><span style=\"color: #000000;\">\u00a02.2<\/span><\/td><td width=\"247\"><span style=\"color: #000000;\">Densidade<\/span><\/td><td width=\"196\"><span style=\"color: #000000;\">0,7932 a 20\/20 \u00baC m\u00e1x.<\/span><\/td><td width=\"139\"><span style=\"color: #000000;\">\u00a0MA-713<\/span><\/td><\/tr><tr><td><span style=\"color: #000000;\">\u00a02.3<\/span><\/td><td width=\"247\"><span style=\"color: #000000;\">Acidez (como \u00c1cido Ac\u00e9tico)<\/span><\/td><td width=\"196\"><span style=\"color: #000000;\">0,003 % p\/p m\u00e1x.<\/span><\/td><td width=\"139\"><span style=\"color: #000000;\">\u00a0MA-701<\/span><\/td><\/tr><tr><td><span style=\"color: #000000;\">\u00a02.4<\/span><\/td><td width=\"247\"><span style=\"color: #000000;\">Redu\u00e7\u00e3o ao Permanganato<\/span><\/td><td width=\"196\"><span style=\"color: #000000;\">30 minutos m\u00edn<\/span><\/td><td width=\"139\"><span style=\"color: #000000;\">\u00a0MA-702<\/span><\/td><\/tr><tr><td><span style=\"color: #000000;\">\u00a02.5<\/span><\/td><td width=\"247\"><span style=\"color: #000000;\">Alde\u00eddos e Cetonas<\/span><\/td><td width=\"196\"><span style=\"color: #000000;\">0,003 % p\/p m\u00e1x.<\/span><\/td><td width=\"139\"><span style=\"color: #000000;\">\u00a0MA-703<\/span><\/td><\/tr><tr><td><span style=\"color: #000000;\">\u00a02.6<\/span><\/td><td width=\"247\"><span style=\"color: #000000;\">Alcalinidade como NH<sub>3<\/sub><\/span><\/td><td width=\"196\"><span style=\"color: #000000;\">0,003 % p\/p max.<\/span><\/td><td width=\"139\"><span style=\"color: #000000;\">\u00a0MA-704<\/span><\/td><\/tr><tr><td><span style=\"color: #000000;\">\u00a02.7<\/span><\/td><td width=\"247\"><span style=\"color: #000000;\">Cor APHA<\/span><\/td><td width=\"196\"><span style=\"color: #000000;\">5,0 m\u00e1x<\/span><\/td><td width=\"139\"><span style=\"color: #000000;\">\u00a0MA-705<\/span><\/td><\/tr><tr><td><span style=\"color: #000000;\">\u00a02.8<\/span><\/td><td width=\"247\"><span style=\"color: #000000;\">Aspecto<\/span><\/td><td width=\"196\"><span style=\"color: #000000;\">Claro, livre de materiais em suspens\u00e3o ou sedimentos.<\/span><\/td><td width=\"139\"><span style=\"color: #000000;\">\u00a0MA-706<\/span><\/td><\/tr><tr><td><span style=\"color: #000000;\">\u00a02.9<\/span><\/td><td width=\"247\"><span style=\"color: #000000;\">Umidade<\/span><\/td><td width=\"196\"><span style=\"color: #000000;\">0,15 % p\/p m\u00e1x.<\/span><\/td><td width=\"139\"><span style=\"color: #000000;\">\u00a0MA-707<\/span><\/td><\/tr><tr><td><span style=\"color: #000000;\">\u00a02.10<\/span><\/td><td width=\"247\"><span style=\"color: #000000;\">Hidrocarbonetos<\/span><\/td><td width=\"196\"><span style=\"color: #000000;\">Passa teste<\/span><\/td><td width=\"139\">\u00a0MA-708<\/td><\/tr><\/tbody><\/table><p><span style=\"color: #000080;\"><strong>3 \u2013 Propriedades f\u00edsicas (informativas)<\/strong><\/span><\/p><table width=\"627\"><tbody><tr><td><span style=\"color: #000000;\">3.1<\/span><\/td><td width=\"2510\"><span style=\"color: #000000;\">Temperatura de ebuli\u00e7\u00e3o<\/span><\/td><td width=\"10000\"><span style=\"color: #000000;\">64,5 \u00baC<\/span><\/td><\/tr><tr><td><span style=\"color: #000000;\">3.2<\/span><\/td><td width=\"251\"><span style=\"color: #000000;\">Temperatura de fus\u00e3o<\/span><\/td><td width=\"337\"><span style=\"color: #000000;\">-97,5 \u00baC a 760 mm Hg<\/span><\/td><\/tr><tr><td><span style=\"color: #000000;\">3.3<\/span><\/td><td width=\"251\"><span style=\"color: #000000;\">Densidade (H<sub>2<\/sub>O=1 a 15 \u00baC)<\/span><\/td><td width=\"337\"><span style=\"color: #000000;\">0,7932<\/span><\/td><\/tr><tr><td><span style=\"color: #000000;\">3.4<\/span><\/td><td width=\"251\"><span style=\"color: #000000;\">Densidade de Vapor (ar=1)<\/span><\/td><td width=\"337\"><span style=\"color: #000000;\">1,1 g\/cm<sup>3<\/sup><\/span><\/td><\/tr><tr><td><span style=\"color: #000000;\">3.5<\/span><\/td><td width=\"251\"><span style=\"color: #000000;\">Press\u00e3o de Vapor (mm Hg)<\/span><\/td><td width=\"337\"><span style=\"color: #000000;\">96 mm Hg a 20 \u00baC<\/span><\/td><\/tr><tr><td><span style=\"color: #000000;\">3.6<\/span><\/td><td width=\"251\"><span style=\"color: #000000;\">Solubilidade (H<sub>2<\/sub>O)<\/span><\/td><td width=\"337\"><span style=\"color: #000000;\">Infinita.<\/span><\/td><\/tr><tr><td><span style=\"color: #000000;\">3.7<\/span><\/td><td width=\"251\"><span style=\"color: #000000;\">Apar\u00eancia e Odor<\/span><\/td><td width=\"337\"><span style=\"color: #000000;\">L\u00edquido incolor com odor caracter\u00edstico.<\/span><\/td><\/tr><tr><td><span style=\"color: #000000;\">3.8<\/span><\/td><td width=\"251\"><span style=\"color: #000000;\">Limite Inferior de Explosividade<\/span><\/td><td width=\"337\"><span style=\"color: #000000;\">6,7 % vol<\/span><\/td><\/tr><tr><td><span style=\"color: #000000;\">3.9<\/span><\/td><td width=\"251\"><span style=\"color: #000000;\">Limite Superior de Explosividade<\/span><\/td><td width=\"337\"><span style=\"color: #000000;\">36,5 % vol<\/span><\/td><\/tr><tr><td><span style=\"color: #000000;\">3.10<\/span><\/td><td width=\"251\"><span style=\"color: #000000;\">Calor de Combust\u00e3o<\/span><\/td><td width=\"337\"><span style=\"color: #000000;\">5.683 cal\/g, g\u00e1s, 25\u00b0C<\/span><\/td><\/tr><tr><td><span style=\"color: #000000;\">3.11<\/span><\/td><td width=\"251\"><span style=\"color: #000000;\">Calor de Combust\u00e3o<\/span><\/td><td width=\"337\"><span style=\"color: #000000;\">5.420 cal\/g, liq, 25\u00b0C<\/span><\/td><\/tr><tr><td><span style=\"color: #000000;\">3.12<\/span><\/td><td width=\"251\"><span style=\"color: #000000;\">Calor de Fus\u00e3o<\/span><\/td><td width=\"337\"><span style=\"color: #000000;\">0,76 cal\/g<\/span><\/td><\/tr><tr><td><span style=\"color: #000000;\">3.13<\/span><\/td><td width=\"251\"><span style=\"color: #000000;\">Calor de Vaporiza\u00e7\u00e3o<\/span><\/td><td width=\"337\"><span style=\"color: #000000;\">262,8 cal\/g(ponto normal de ebuli\u00e7\u00e3o)<\/span><\/td><\/tr><tr><td><span style=\"color: #000000;\">3.14<\/span><\/td><td width=\"251\"><span style=\"color: #000000;\">Ponto de Congelamento<\/span><\/td><td width=\"337\"><span style=\"color: #000000;\">&#8211; 97,8 \u00b0C<\/span><\/td><\/tr><tr><td><span style=\"color: #000000;\">3.15<\/span><\/td><td width=\"251\"><span style=\"color: #000000;\">\u00cdndice de Refra\u00e7\u00e3o, n<sup>20<\/sup><\/span><\/td><td width=\"337\"><span style=\"color: #000000;\">1,32863<\/span><\/td><\/tr><tr><td><span style=\"color: #000000;\">3.16<\/span><\/td><td width=\"251\"><span style=\"color: #000000;\">Calor Espec\u00edfico do L\u00edquido<\/span><\/td><td width=\"337\"><span style=\"color: #000000;\">0,599 cal\/g a 20\u00b0C<\/span><\/td><\/tr><tr><td><span style=\"color: #000000;\">3.17<\/span><\/td><td width=\"251\"><span style=\"color: #000000;\">Press\u00e3o cr\u00edtica<\/span><\/td><td width=\"337\"><span style=\"color: #000000;\">78,7 atm<\/span><\/td><\/tr><tr><td><span style=\"color: #000000;\">3.18<\/span><\/td><td width=\"251\"><span style=\"color: #000000;\">Temperatura cr\u00edtica,<\/span><\/td><td width=\"337\"><span style=\"color: #000000;\">240,0\u00b0C<\/span><\/td><\/tr><tr><td><span style=\"color: #000000;\">3.19<\/span><\/td><td width=\"251\"><span style=\"color: #000000;\">Temperatura de auto-igni\u00e7\u00e3o<\/span><\/td><td width=\"337\"><span style=\"color: #000000;\">470\u00b0C<\/span><\/td><\/tr><tr><td><span style=\"color: #000000;\">3.20<\/span><\/td><td width=\"251\"><span style=\"color: #000000;\">Coeficiente de expans\u00e3o c\u00fabica<\/span><\/td><td width=\"337\"><span style=\"color: #000000;\">1,24 x 10\u00b3 por \u00b0C a 55\u00b0C<\/span><\/td><\/tr><tr><td><span style=\"color: #000000;\">3.21<\/span><\/td><td width=\"251\"><span style=\"color: #000000;\">Constante Diel\u00e9trica<\/span><\/td><td width=\"337\"><span style=\"color: #000000;\">32,63 mhos, \u00b025C<\/span><\/td><\/tr><tr><td><span style=\"color: #000000;\">3.22<\/span><\/td><td width=\"251\"><span style=\"color: #000000;\">Solubilidade<\/span><\/td><td width=\"337\"><span style=\"color: #000000;\">Completa em \u00e1gua, \u00e1lcool ou \u00e9ter<\/span><\/td><\/tr><\/tbody><\/table><p><span style=\"color: #000080;\"><strong>4 \u2013 Embalagem<\/strong><\/span><\/p><table><tbody><tr><td><span style=\"color: #000000;\">4.1<\/span><\/td><td width=\"2500\"><span style=\"color: #000000;\">Carro tanque<\/span><\/td><\/tr><\/tbody><\/table>\t\t\t\t\t\t\t\t<\/div>\n\t\t\t\t<\/div>\n\t\t\t\t\t<\/div>\n\t\t<\/div>\n\t\t\t\t\t<\/div>\n\t\t<\/section>\n\t\t\t\t<\/div>\n\t\t","protected":false},"excerpt":{"rendered":"<p>Apresenta\u00e7\u00e3o O \u00c1lcool Met\u00edlico (Metanol) \u00e9 um l\u00edquido claro, incolor, vol\u00e1til, altamente polar com um odor caracter\u00edstico. \u00c9 misc\u00edvel em \u00e1gua, \u00e1lcool e \u00e9ter. \u00c9 uma das mat\u00e9rias-primas b\u00e1sicas na ind\u00fastria da qu\u00edmica org\u00e2nica. O Metanol apresenta rea\u00e7\u00f5es t\u00edpicas de \u00e1lcoois alif\u00e1ticos. Os maiores usos do Metanol s\u00e3o na produ\u00e7\u00e3o de formalde\u00eddo e biodiesel. O [&hellip;]<\/p>\n","protected":false},"author":4,"featured_media":0,"parent":0,"menu_order":0,"comment_status":"closed","ping_status":"closed","template":"elementor_header_footer","meta":{"ocean_post_layout":"","ocean_both_sidebars_style":"","ocean_both_sidebars_content_width":0,"ocean_both_sidebars_sidebars_width":0,"ocean_sidebar":"0","ocean_second_sidebar":"0","ocean_disable_margins":"enable","ocean_add_body_class":"","ocean_shortcode_before_top_bar":"","ocean_shortcode_after_top_bar":"","ocean_shortcode_before_header":"","ocean_shortcode_after_header":"","ocean_has_shortcode":"","ocean_shortcode_after_title":"","ocean_shortcode_before_footer_widgets":"","ocean_shortcode_after_footer_widgets":"","ocean_shortcode_before_footer_bottom":"","ocean_shortcode_after_footer_bottom":"","ocean_display_top_bar":"default","ocean_display_header":"default","ocean_header_style":"","ocean_center_header_left_menu":"0","ocean_custom_header_template":"0","ocean_custom_logo":0,"ocean_custom_retina_logo":0,"ocean_custom_logo_max_width":0,"ocean_custom_logo_tablet_max_width":0,"ocean_custom_logo_mobile_max_width":0,"ocean_custom_logo_max_height":0,"ocean_custom_logo_tablet_max_height":0,"ocean_custom_logo_mobile_max_height":0,"ocean_header_custom_menu":"0","ocean_menu_typo_font_family":"0","ocean_menu_typo_font_subset":"","ocean_menu_typo_font_size":0,"ocean_menu_typo_font_size_tablet":0,"ocean_menu_typo_font_size_mobile":0,"ocean_menu_typo_font_size_unit":"px","ocean_menu_typo_font_weight":"","ocean_menu_typo_font_weight_tablet":"","ocean_menu_typo_font_weight_mobile":"","ocean_menu_typo_transform":"","ocean_menu_typo_transform_tablet":"","ocean_menu_typo_transform_mobile":"","ocean_menu_typo_line_height":0,"ocean_menu_typo_line_height_tablet":0,"ocean_menu_typo_line_height_mobile":0,"ocean_menu_typo_line_height_unit":"","ocean_menu_typo_spacing":0,"ocean_menu_typo_spacing_tablet":0,"ocean_menu_typo_spacing_mobile":0,"ocean_menu_typo_spacing_unit":"","ocean_menu_link_color":"","ocean_menu_link_color_hover":"","ocean_menu_link_color_active":"","ocean_menu_link_background":"","ocean_menu_link_hover_background":"","ocean_menu_link_active_background":"","ocean_menu_social_links_bg":"","ocean_menu_social_hover_links_bg":"","ocean_menu_social_links_color":"","ocean_menu_social_hover_links_color":"","ocean_disable_title":"default","ocean_disable_heading":"default","ocean_post_title":"","ocean_post_subheading":"","ocean_post_title_style":"","ocean_post_title_background_color":"","ocean_post_title_background":0,"ocean_post_title_bg_image_position":"","ocean_post_title_bg_image_attachment":"","ocean_post_title_bg_image_repeat":"","ocean_post_title_bg_image_size":"","ocean_post_title_height":0,"ocean_post_title_bg_overlay":0.5,"ocean_post_title_bg_overlay_color":"","ocean_disable_breadcrumbs":"default","ocean_breadcrumbs_color":"","ocean_breadcrumbs_separator_color":"","ocean_breadcrumbs_links_color":"","ocean_breadcrumbs_links_hover_color":"","ocean_display_footer_widgets":"default","ocean_display_footer_bottom":"default","ocean_custom_footer_template":"0","footnotes":""},"class_list":["post-209","page","type-page","status-publish","hentry","entry"],"_links":{"self":[{"href":"https:\/\/www3.copenor.com.br\/index.php\/wp-json\/wp\/v2\/pages\/209","targetHints":{"allow":["GET"]}}],"collection":[{"href":"https:\/\/www3.copenor.com.br\/index.php\/wp-json\/wp\/v2\/pages"}],"about":[{"href":"https:\/\/www3.copenor.com.br\/index.php\/wp-json\/wp\/v2\/types\/page"}],"author":[{"embeddable":true,"href":"https:\/\/www3.copenor.com.br\/index.php\/wp-json\/wp\/v2\/users\/4"}],"replies":[{"embeddable":true,"href":"https:\/\/www3.copenor.com.br\/index.php\/wp-json\/wp\/v2\/comments?post=209"}],"version-history":[{"count":0,"href":"https:\/\/www3.copenor.com.br\/index.php\/wp-json\/wp\/v2\/pages\/209\/revisions"}],"wp:attachment":[{"href":"https:\/\/www3.copenor.com.br\/index.php\/wp-json\/wp\/v2\/media?parent=209"}],"curies":[{"name":"wp","href":"https:\/\/api.w.org\/{rel}","templated":true}]}}